22
What is the remainder when 4262 is divided by 7?
6
Calculate the remainder when 729375 is divided by 26.
23
What is the remainder when 6830429 is divided by 56?
53
Calculate the remainder when 323278 is divided by 80.
78
What is the remainder when 13624 is divided by 260?
104
What is the remainder when 769 is divided by 355?
59
Calculate the remainder when 2776947 is divided by 102.
99
What is the remainder when 279650 is divided by 113?
88
What is the remainder when 116798 is divided by 137?
74
What is the remainder when 69796 is divided by 52?
12
What is the remainder when 275377 is divided by 245?
242
Calculate the remainder when 32111 is divided by 1037.
1001
Calculate the remainder when 5242 is divided by 89.
80
Calculate the remainder when 2351012 is divided by 1627.
1624
Calculate the remainder when 3101 is divided by 4.
1
Calculate the remainder when 15089 is divided by 91.
74
Calculate the remainder when 44782 is divided by 54.
16
What is the remainder when 14139 is divided by 107?
15
What is the remainder when 9011 is divided by 38?
5
What is the remainder when 2566639 is divided by 26?
23
What is the remainder when 115652 is divided by 61?
57
What is the remainder when 1141738 is divided by 17?
1
Calculate the remainder when 32580 is divided by 95.
90
What is the remainder when 46512 is divided by 627?
114
Calculate the remainder when 89121 is divided by 1650.
21
What is the remainder when 10242 is divided by 47?
43
Calculate the remainder when 231112 is divided by 23.
8
Calculate the remainder when 104491 is divided by 77.
2
Calculate the remainder when 4300 is divided by 197.
163
What is the remainder when 143270 is divided by 71?
63
Calculate the remainder when 110355 is divided by 169.
167
Calculate the remainder when 41312 is divided by 5156.
64
What is the remainder when 674 is divided by 343?
331
Calculate the remainder when 6899 is divided by 44.
35
Calculate the remainder when 33798 is divided by 82.
14
Calculate the remainder when 1373927 is divided by 457972.
11
What is the remainder when 15633 is divided by 15612?
21
Calculate the remainder when 313768 is divided by 10.
8
What is the remainder when 278617 is divided by 187?
174
Calculate the remainder when 324 is divided by 61.
19
Calculate the remainder when 317 is divided by 65.
57
What is the remainder when 39099 is divided by 1528?
899
What is the remainder when 74297 is divided by 26?
15
Calculate the remainder when 504473 is divided by 83.
82
What is the remainder when 263338 is divided by 90?
88
What is the remainder when 1101 is divided by 48?
45
Calculate the remainder when 2503 is divided by 354.
25
What is the remainder when 952 is divided by 95?
2
What is the remainder when 70585 is divided by 425?
35
What is the remainder when 4301 is divided by 3?
2
Calculate the remainder when 5124 is divided by 1210.
284
Calculate the remainder when 26033 is divided by 26007.
26
What is the remainder when 39250 is divided by 9797?
62
What is the remainder when 3878 is divided by 1276?
50
Calculate the remainder when 1869 is divided by 85.
84
What is the remainder when 101270 is divided by 20?
10
Calculate the remainder when 3306003 is divided by 198.
195
What is the remainder when 402635 is divided by 100657?
7
Calculate the remainder when 18705 is divided by 585.
570
Calculate the remainder when 295343 is divided by 72.
71
Calculate the remainder when 102533 is divided by 518.
487
Calculate the remainder when 79574 is divided by 203.
201
What is the remainder when 32504 is divided by 2952?
32
Calculate the remainder when 591634 is divided by 188.
186
Calculate the remainder when 136441 is divided by 27288.
1
What is the remainder when 643558 is divided by 71506?
4
What is the remainder when 221086 is divided by 672?
670
What is the remainder when 119359 is divided by 4262?
23
Calculate the remainder when 1851 is divided by 18.
15
What is the remainder when 202280 is divided by 50569?
4
Calculate the remainder when 257 is divided by 50.
7
Calculate the remainder when 43536 is divided by 3390.
2856
Calculate the remainder when 4178 is divided by 69.
38
Calculate the remainder when 14524 is divided by 14506.
18
Calculate the remainder when 381613 is divided by 247.
245
What is the remainder when 46948 is divided by 559?
551
What is the remainder when 2537688 is divided by 13?
10
Calculate the remainder when 261 is divided by 173.
88
What is the remainder when 14857 is divided by 173?
152
What is the remainder when 221047 is divided by 55260?
7
What is the remainder when 9998 is divided by 1840?
798
Calculate the remainder when 34545 is divided by 32.
17
What is the remainder when 31061 is divided by 251?
188
Calculate the remainder when 8091 is divided by 7408.
683
What is the remainder when 2999 is divided by 167?
160
What is the remainder when 25529 is divided by 1214?
35
What is the remainder when 23160 is divided by 776?
656
What is the remainder when 415 is divided by 303?
112
What is the remainder when 60371 is divided by 12072?
11
Calculate the remainder when 821614 is divided by 48.
46
Calculate the remainder when 266774 is divided by 346.
8
What is the remainder when 2354 is divided by 334?
16
What is the remainder when 434278 is divided by 308?
306
Calculate the remainder when 7709 is divided by 611.
377
Calculate the remainder when 736663 is divided by 337.
318
What is the remainder when 2104 is divided by 2079?
25
Calculate the remainder when 8200 is divided by 128.
8
What is the remainder when 300644 is divided by 44?
36
Calculate the remainder when 3794 is divided by 42.
14
Calculate the remainder when 500 is divided by 434.
66
What is the remainder when 190576 is divided by 63520?
16
Calculate the remainder when 299372 is divided by 56.
52
What is the remainder when 596 is divided by 574?
22
Calculate the remainder when 5455 is divided by 520.
255
Calculate the remainder when 9606 is divided by 4799.
8
What is the remainder when 34076 is divided by 480?
476
What is the remainder when 2085879 is divided by 40?
39
Calculate the remainder when 1855 is divided by 288.
127
What is the remainder when 435327 is divided by 35?
32
What is the remainder when 538401 is divided by 616?
17
What is the remainder when 25006 is divided by 738?
652
What is the remainder when 26352 is divided by 36?
0
Calculate the remainder when 843263 is divided by 192.
191
Calculate the remainder when 1786 is divided by 704.
378
What is the remainder when 16969 is divided by 2?
1
What is the remainder when 79061 is divided by 66?
59
Calculate the remainder when 14975 is divided by 381.
116
Calculate the remainder when 26888 is divided by 3361.
0
What is the remainder when 3609 is divided by 153?
90
What is the remainder when 205751 is divided by 15825?
26
What is the remainder when 28138 is divided by 42?
40
What is the remainder when 322 is divided by 305?
17
Calculate the remainder when 2743 is divided by 1164.
415
Calculate the remainder when 22340 is divided by 1435.
815
Calculate the remainder when 2054116 is divided by 40.
36
What is the remainder when 7469 is divided by 38?
21
Calculate the remainder when 300002 is divided by 12.
2
What is the remainder when 10761 is divided by 565?
26
Calculate the remainder when 710947 is divided by 10455.
7
What is the remainder when 26415 is divided by 74?
71
What is the remainder when 12312 is divided by 3076?
8
What is the remainder when 695 is divided by 172?
7
What is the remainder when 14176 is divided by 223?
127
Calculate the remainder when 1991 is divided by 576.
263
Calculate the remainder when 12373 is divided by 4077.
142
Calculate the remainder when 52383 is divided by 706.
139
What is the remainder when 23918 is divided by 71?
62
Calculate the remainder when 23209 is divided by 13.
4
What is the remainder when 41022 is divided by 5851?
65
Calculate the remainder when 344186 is divided by 385.
381
What is the remainder when 12778 is divided by 956?
350
Calculate the remainder when 1430 is divided by 65.
0
Calculate the remainder when 58554 is divided by 149.
146
Calculate the remainder when 2041364 is divided by 1403.
1402
Calculate the remainder when 340192 is divided by 6.
4
Calculate the remainder when 68678 is divided by 1